he hundreds digit of 260433?
4
What is the ten thousands digit of 114713?
1
What is the hundreds digit of 592622?
6
What is the tens digit of 441387?
8
What is the units digit of 1332020?
0
What is the ten millions digit of 10841133?
1
What is the thousands digit of 2584440?
4
What is the millions digit of 3432796?
3
What is the tens digit of 499836?
3
What is the thousands digit of 558686?
8
What is the hundred thousands digit of 241097?
2
What is the hundred thousands digit of 4646286?
6
What is the units digit of 739226?
6
What is the ten thousands digit of 26009?
2
What is the units digit of 387899?
9
What is the units digit of 1157102?
2
What is the tens digit of 13357810?
1
What is the ten thousands digit of 191425?
9
What is the tens digit of 56107?
0
What is the hundred thousands digit of 16444284?
4
What is the hundred thousands digit of 8980747?
9
What is the units digit of 8749405?
5
What is the ten thousands digit of 55837?
5
What is the thousands digit of 5109425?
9
What is the hundreds digit of 9683061?
0
What is the thousands digit of 612567?
2
What is the hundreds digit of 836644?
6
What is the units digit of 2098019?
9
What is the tens digit of 678656?
5
What is the hundred thousands digit of 597259?
5
What is the hundred thousands digit of 8089890?
0
What is the ten thousands digit of 7629596?
2
What is the ten thousands digit of 385758?
8
What is the units digit of 510597?
7
What is the thousands digit of 1221940?
1
What is the hundreds digit of 11512287?
2
What is the tens digit of 16092026?
2
What is the tens digit of 254761?
6
What is the ten thousands digit of 94865?
9
What is the hundred thousands digit of 954179?
9
What is the millions digit of 4045428?
4
What is the units digit of 1616875?
5
What is the thousands digit of 396527?
6
What is the millions digit of 12277348?
2
What is the units digit of 2049333?
3
What is the hundreds digit of 271378?
3
What is the millions digit of 9168881?
9
What is the millions digit of 2646264?
2
What is the tens digit of 57596?
9
What is the tens digit of 11447301?
0
What is the tens digit of 8904?
0
What is the thousands digit of 18070?
8
What is the units digit of 803127?
7
What is the hundreds digit of 2026145?
1
What is the units digit of 214743?
3
What is the ten thousands digit of 2244817?
4
What is the thousands digit of 2369693?
9
What is the ten thousands digit of 1419134?
1
What is the thousands digit of 745602?
5
What is the hundred thousands digit of 1560111?
5
What is the hundreds digit of 985431?
4
What is the hundreds digit of 6535272?
2
What is the ten thousands digit of 383704?
8
What is the hundreds digit of 76257?
2
What is the hundred thousands digit of 4395417?
3
What is the ten thousands digit of 264046?
6
What is the hundred thousands digit of 535987?
5
What is the millions digit of 3997441?
3
What is the units digit of 504625?
5
What is the tens digit of 2711471?
7
What is the hundred thousands digit of 2024179?
0
What is the ten thousands digit of 50197?
5
What is the ten thousands digit of 40326?
4
What is the hundred thousands digit of 1151161?
1
What is the hundreds digit of 118940?
9
What is the tens digit of 7937533?
3
What is the hundreds digit of 465892?
8
What is the ten thousands digit of 9114937?
1
What is the thousands digit of 1183595?
3
What is the ten thousands digit of 1493697?
9
What is the tens digit of 628466?
6
What is the thousands digit of 1345629?
5
What is the tens digit of 276304?
0
What is the hundreds digit of 18402?
4
What is the units digit of 2703835?
5
What is the thousands digit of 1053248?
3
What is the tens digit of 12381?
8
What is the thousands digit of 733130?
3
What is the tens digit of 1303881?
8
What is the thousands digit of 4798534?
8
What is the thousands digit of 5270715?
0
What is the hundred thousands digit of 507159?
5
What is the tens digit of 42267738?
3
What is the units digit of 570248?
8
What is the units digit of 272821?
1
What is the hundreds digit of 1496478?
4
What is the ten thousands digit of 1910832?
1
What is the tens digit of 76603?
0
What is the thousands digit of 2931498?
1
What is the hundreds digit of 57528?
5
What is the tens digit of 3033058?
5
What is the thousands digit of 1908496?
8
What is the hundreds digit of 304086?
0
What is the hundred thousands digit of 632184?
6
What is the thousands digit of 21286674?
6
What is the hundreds digit of 272721?
7
What is the hundred thousands digit of 2507493?
5
What is the tens digit of 17918118?
1
What is the tens digit of 5069095?
9
What is the tens digit of 733695?
9
What is the ten thousands digit of 6185341?
8
What is the tens digit of 13271777?
7
What is the units digit of 121352?
2
What is the ten thousands digit of 422194?
2
What is the hundred thousands digit of 2403084?
4
What is the units digit of 187984?
4
What is the hundreds digit of 485841?
8
What is the millions digit of 1820431?
1
What is the tens digit of 5226202?
0
What is the tens digit of 1800470?
7
What is the hundred thousands digit of 4018022?
0
What is the ten thousands digit of 469135?
6
What is the tens digit of 25774?
7
What is the hundreds digit of 173716?
7
What is the thousands digit of 5631800?
1
What is the thousands digit of 601738?
1
What is the tens digit of 143185?
8
What is the ten thousands digit of 440197?
4
What is the hundred thousands digit of 3456244?
4
What is the ten thousands digit of 4498020?
9
What is the hundred thousands digit of 999026?
9
What is the tens digit of 449073?
7
What is the tens digit of 5588931?
3
What is the hundred thousands digit of 1537142?
5
What is the hundred thousands digit of 114006?
1
What is the tens digit of 59283?
8
What is the hundreds digit of 1548785?
7
What is the hundreds digit of 491601?
6
What is the hundred thousands digit of 309984?
3
What is the thousands digit of 6334319?
4
What is the units digit of 226349?
9
What is the hundreds digit of 65124?
1
What is the hundred thousands digit of 6063191?
0
What is the thousands digit of 6093852?
3
What is the units digit of 1040561?
1
What is the hundreds digit of 95520?
5
What is the ten millions digit of 12399878?
1
What is the millions digit of 2210807?
2
What is the thousands digit of 9580470?
0
What is the millions digit of 2935755?
2
What is the hundreds digit of 451760?
7
What is the hundred thousands digit of 203914?
2
What is the millions digit of 1290348?
1
What is the hundreds digit of 10770?
7
What is the hundred thousands digit of 21153351?
1
What is the tens digit of 4931731?
3
What is the units digit of 2413475?
5
What is the units digit of 3234620?
0
What is the thousands digit of 12245926?
5
What is the tens digit of 1178286?
8
What is the units digit of 222591?
1
What is the thousands digit of 281905?
1
What is the hundreds digit of 213225?
2
What is the ten thousands digit of 1972987?
7
What is the millions digit of 1248794?
1
What is the thousands digit of 1194397?
4
What is the millions digit of 20543189?
0
What is the units digit of 3328094?
4
What is the units digit of 16534541?
1
What is the hundreds digit of 19802927?
9
What is the thousands digit of 3396158?
6
What is the units digit of 972605?
5
What is the ten thousands digit of 57879?
5
What is the hundred thousands digit of 1505372?
5
What is the thousands digit of 12382155?
2
What is the hundreds digit of 1702082?
0
What is the millions digit of 4806543?
4
What is the hundreds digit of 79784?
7
What is the millions digit of 2771957?
2
What is the tens digit of 280280?
8
What is the thousands digit of 24056864?
6
What is the thousands digit of 822638?
2
What is the ten thousands digit of 155610?
5
What is the tens digit of 1015874?
7
What is the tens digit of 5694854?
5
What is the hundred thousands digit of 470984?
4
What is the tens digit of 26084694?
9
What is the hundred thousands digit of 3965749?
9
What is the tens digit of 263741?
4
What is the millions digit of 1319070?
1
What is the thousands digit of 69998?
9
What is the hundred thousands digit of 7264009?
2
What is the thousands digit of 1053637?
3
What is the units digit of 523265?
5
What is the millions digit of 1570184?
1
What is the tens digit of 4389260?
6
What is the tens digit of 8231915?
1
What is the hundreds digit of 2